 o(k). Calculate w(2).
3
Suppose 4*m + 3*s + 0*s = 19, -5*m + 5*s = -15. Let z(v) = -v**3 + 5*v**2 - 5*v - 4. Give z(m).
-8
Let m(i) = 0 + 2 + 5 + 1. Let j(k) = k**3 - k**2 - 4*k + 3. Let t be j(2). Let g(a) = -a + 1. Let b(c) = t*m(c) + 4*g(c). Give b(-4).
12
Let w(s) be the second derivative of 0 + 4*s + 0*s**2 + 1/3*s**3. Let y be -4 + (2 - 0) - -5. What is w(y)?
6
Let i be (11/(-3))/(3/9). Let z = -8 - i. Let n(j) = j**3 - 3*j**2 - j. Determine n(z).
-3
Let y(r) be the second derivative of r**3/6 - 5*r**2/2 - 4*r. What is y(0)?
-5
Let d be (-14)/6 + (-10)/15. Let o(q) = -q. Let m(j) = -2*j. Let t(i) = d*o(i) + 2*m(i). Determine t(-6).
6
Let o(v) = 2 + 2*v**2 - 26*v**3 + 15*v**3 + 9*v**3. Calculate o(2).
-6
Let d(h) = -7*h**2 - h + 1. Suppose -r - 8 = 4*o - 4*r, 0 = 2*o + 5*r - 22. Calculate d(o).
-7
Let r(x) = -x**3 + x**2 + x + 2. Let s(b) = b**2 - 7*b. Let d be s(7). Calculate r(d).
2
Let k(d) = d + 4. Let y be k(-2). Let r(o) = -3*o**y - 3*o**2 + o**2. Let l = -28 + 27. Determine r(l).
-5
Let a(n) = 3*n**2 - 14*n - 2. Let w(d) = d**2 - 7*d - 1. Let r(k) = k**3 + k**2 + 2. Let u be r(-2). Let t(o) = u*a(o) + 5*w(o). Calculate t(-6).
5
Suppose -g = g + 2. Let z(a) be the third derivative of -1/24*a**4 + 0 + a**2 + 1/60*a**5 + 0*a - 1/6*a**3. Determine z(g).
1
Let m(o) be the first derivative of -o**4/2 + o**2/2 - 1. Suppose -13 + 24 = 11*v. What is m(v)?
-1
Let l be 3/(-1 - 10/(-4)). Let x(w) = w - 6*w + l*w + 2*w. Determine x(-2).
2
Let d(n) be the first derivative of n**4/4 - 5*n**3/3 - 7*n**2/2 + 7*n - 4. Let j be 45/(-10)*12/(-9). What is d(j)?
1
Let o(k) = k**3 + 16. Let w be 12/(-6) + (0 - -2). What is o(w)?
16
Let j(p) = p**3 + 10*p**2 - 12*p + 1. Let k be j(-11). Let u be (-64)/k + 2/6. Let n(d) = -d**3 - 4*d**2 + 5*d. Calculate n(u).
0
Let i(b) be the third derivative of b**5/60 + b**4/4 + b**3/6 - 32*b**2. Give i(-7).
8
Let o(g) = -4*g**2 - g**3 - 3*g**2 + 5*g**2 + 2 + g + 0*g**2. Calculate o(2).
-12
Suppose 0 = -3*y + 5*y - 6. Suppose y*q + 10 = -2. Let v(b) be the first derivative of b**3/3 + 2*b**2 + 2*b - 1. Give v(q).
2
Let d(c) = -c - 8. Suppose 5*m + 0*m = 0. What is d(m)?
-8
Let x be 3 - 1*(1 - 0). Let k(m) = -m. Let l(i) = -3*i + 3. Let g(n) = 5*k(n) - l(n). Let t(w) = 2*w + 4. Let f(y) = 3*g(y) + 2*t(y). Calculate f(x).
-5
Let u(c) be the first derivative of -c**3/3 - c + 9. Let i = 29 - 31. What is u(i)?
-5
Let d = 46 + -48. Let z(m) = 4*m - 1. What is z(d)?
-9
Let s(b) be the first derivative of -4 - 3/2*b**2 - 6*b. What is s(-5)?
9
Suppose -3*u + 0*u = -9. Suppose 0 = -u*i + 8*i - 10. Suppose 0 = i*d - 2*y - 4, 5 = -d + 2*y + 4. Let t(m) = -m**3 + 5*m**2 + 5. What is t(d)?
5
Let x be 4/18 + 34/9. Let b(i) = -i**2 - 17*i - 9. Let a(r) = r**2 + 13*r + 8. Let n(l) = -5*a(l) - 4*b(l). What is n(x)?
-8
Let m(a) = a - a**3 + 0*a**2 + 2*a**3 - a**2. Let h(b) = -9*b**3 + 4*b**2 - 6*b. Suppose -4*g - g = 5. Let j(z) = g*h(z) - 5*m(z). Give j(-1).
-4
Suppose k + 4*m - 14 = 0, -5*k + 0*k = -2*m - 48. Let z = k - 5. Let h(o) = o**2 - 5*o + 6. Determine h(z).
6
Suppose 3*y = 14*y + 11. Let n(f) = 14*f. Give n(y).
-14
Let x(j) = -j**2 - 6*j + 2. Let w be x(-6). Let c(v) = 6*v**2 - 2*v**w + v + 5*v**2 + 1. What is c(-1)?
9
Let o be (2 - 7)*(-40)/(-25). Let k(n) = -n**3 - 7*n**2 + 7*n. Calculate k(o).
8
Let f = -16 + 18. Let n = -1 + f. Let z(d) = -3*d. What is z(n)?
-3
Let s = 2 - -2. Let i(b) = 6 + 9 - 31 - b + 6 + 13. Calculate i(s).
-1
Let f(x) = -x**3 - 5*x**2 + 1. Let i be 6 + -3 - 1 - -2. Let y(s) = -4 + 0 - s + 3. Let z be y(i). Calculate f(z).
1
Let z(c) = c**2 + 4*c + 3. Suppose 5*h + 2 = -3. Let t be -2 - h - (-1 + 1). Let p be t/(-1)*3/(-1). Give z(p).
0
Let w(s) = 3*s**3 + s**2 - s. Suppose -6*q + 11*q + 20 = 0. Let h = q + 5. What is w(h)?
3
Let n(p) = p**3 + p**2 - 2*p - 1. Let c be n(-1). Let b(a) = c - 3 + 2 + 2*a - 1. Calculate b(3).
5
Let l(o) = -2*o**3 - 3*o**2 + 8*o - 3. Let c(k) = k**3 + 2*k**2 - 4*k + 1. Let u(y) = -5*c(y) - 3*l(y). Suppose -5*g - g = -18. Calculate u(g).
10
Let f(v) = v**3 + 3*v**2 - 2*v - 4. Let u be f(-3). Let n(w) = -1 - 3*w**2 + u*w**2 + w + 3 + 0. Calculate n(0).
2
Let t(q) = -q**3 + q + 1. Suppose -2*x + 2 + 2 = 0, -6 = -4*v - 3*x. Determine t(v).
1
Let h(c) = 5*c + 10*c + c**3 + 9 - 2 - 4*c + 11*c**2. Let x be h(-10). Let t(i) = -5*i - 3. Calculate t(x).
12
Let t(z) be the second derivative of -z**4/24 - 2*z**2 + 2*z. Let v(x) be the first derivative of t(x). What is v(4)?
-4
Let z(h) = 2*h - 8 - 6 + 9. Determine z(6).
7
Let q be 0/(-1) + 6/2. Let d = q + -6. Let w(u) = u**3 + 3*u**2 - 3*u + 2. Give w(d).
11
Let m = -14 + 10. Let u(h) = 11*h**2 + 20*h - 4. Let y(g) = 2 + 4 - 3 - 7*g**2 - 13*g. Let z(a) = 5*u(a) + 8*y(a). What is z(m)?
4
Let t(x) = -x**2 - 3*x + 3. Let d = 8 + -5. Let a = d - 8. Let b(n) = n**3 + 5*n**2 + n + 2. Let s be b(a). Calculate t(s).
3
Let t(n) be the third derivative of -n**7/168 + n**6/180 + n**5/120 - n**3/2 - 4*n**2. Let u(q) be the first derivative of t(q). Determine u(-1).
6
Let k = 12 + 0. Suppose 0 = 3*j + 3 - k. Let r(z) = -3*z + 3. What is r(j)?
-6
Let h(x) = -11*x**2 + x + 1. Let n(r) = r**2 + 3*r + 4. Let j be n(-4). Let t = -9 + j. Give h(t).
-11
Suppose -2*y + 5 = -y. Let v(m) = m**3 - 3*m**2 - 7*m + 1. Determine v(y).
16
Let p(w) = w**2 + 3*w - 1. Let z = 28 - 32. Give p(z).
3
Let q be (-4 + 13/3)/((-2)/(-12)). Let r(v) = -v + v**2 + 2 - 5 + 3*v. Determine r(q).
5
Let q be (2 - 4)/(2 - 1). Let z be (-5)/q*(-60)/(-25). Let p(w) = w**3 - 7*w**2 + 6*w + 5. Calculate p(z).
5
Let t(m) = m**2 + 3*m + 1. Let i be (-2)/5*(9 - 4). Let f be t(i). Let z(l) = 4*l**2 + l + 1. Let d(k) = k**2. Let u(x) = -6*d(x) + z(x). What is u(f)?
-2
Let r(m) = -m - 1. Let o(n) = -n. Let d be o(7). Determine r(d).
6
Let i(h) = -8*h - 5. Let f(z) = -3*z - 2. Let m(o) = 7*f(o) - 2*i(o). Calculate m(-4).
16
Let w(m) = m - 4. Let a(u) = -u + 7. Let c be a(3). Suppose -o - c = 1. Calculate w(o).
-9
Let v(d) = d**2 + 11*d - 15. Let s be v(-12). Let p(b) = 2 + 1 - 2 - b. What is p(s)?
4
Let b(q) = -q**3 + q**2 - q + 6. Let i(k) = k - 2. Let s be i(7). Let c = s + -2. Suppose 0 = -2*u + c*u. Give b(u).
6
Let n(j) = -30*j**2 + 16*j**2 + 9*j**2 + 6*j**2 - 2 + 5*j. Give n(-6).
4
Suppose 12 = 4*k - 2*k. Let y(j) = 2*j - k - 3*j - j. Let t = -63 - -58. What is y(t)?
4
Let q = 2 - -1. Suppose 2*g - 1 = q. Let m(z) = 2*z**g + 7*z + 3*z**2 + 3*z**3 - 4*z**3 - 2. Give m(6).
4
Let m(j) = -j**3 - 5*j**2 - 2*j + 2. Suppose -p - 3*t = -2 - 7, 4*t - 31 = 5*p. Give m(p).
-10
Let a(w) be the first derivative of w**2 + 0*w + 1 + 1/3*w**3 + 1/4*w**4. Give a(-2).
-8
Let u(h) = -h**2 + 1. Let x(v) = 5*v**2 + v - 5. Let n(o) = 6*u(o) + x(o). What is n(4)?
-11
Let b(a) = 5*a + 3. Suppose -6*n - 21 = -13*n. Calculate b(n).
18
Suppose 1 = -0*p + p, 4*l - 7 = 5*p. Let n(b) = -3*b - 6. Let v(f) = -3*f - 5. Let u(w) = l*n(w) - 4*v(w). What is u(-3)?
-7
Let y(v) = v**3 - v**2 - 3*v - 2. Let z be 0/(4/(-2 + -2)). Suppose z = -3*x + c + 4*c + 29, x + 4*c + 13 = 0. What is y(x)?
7
Suppose 0*y + 3*y + 13 = 5*z, 9 = -4*y + 5*z. Let g(w) be the first derivative of 4/3*w**3 - 1/4*w**y + 1 - 1/2*w**2 + 0*w. What is g(4)?
-4
Let a(v) be the third derivative of 7/24*v**4 + 0 + 0*v - 2*v**2 + 2/15*v**5 + 1/2*v**3 + 1/120*v**6. Give a(-7).
3
Let v be (-5)/(-15)*(0 + 9). Let h be 3 + v/(3/1). Let j(o) = -5*o + 5. Let l(f) = -2*f + 2. Let s(m) = 3*j(m) - 8*l(m). What is s(h)?
3
Let t(l) = l**3 - 4*l**2 - 3*l - 6. Let d be t(5). Let z be (0 + 0)/2 - -2. Let w(f) = 0*f - 7*f + 4*f - 3*f**z + f**3. What is w(d)?
4
Let u(r) be the second derivative of -r**4/12 + 2*r**3/3 + r. Suppose 16 = 4*c + 4. Determine u(c).
3
Suppose -42 = 6*f - f - 4*l, -9 = -3*l. Let z(i) be the second derivative of -i**4/12 - 4*i**3/3 - 7*i**2/2 - 23*i. Calculate z(f).
5
Suppose 5*n = -4*w - 44, -5*w = -w - 2*n + 16. Let a(d) = -d + 2 + 11 + 2*d. Calculate a(w).
7
Let h(f) be the first derivative of -f**4/4 + 8*f**3/3 - 3*f**2 + 2*f + 4. Calculate h(7).
9
Suppose 16 = -6*d + 2*d. Let x(k) = -3*k + 3*k**3 - 2*k**3 + 3 + 0 + 3*k**2. Give x(d).
-1
Let r(l) be the second derivative of 0 - 3*l + 4/3*l**3 - 1/12*l**4 - 3*l**2. Determine r(4).
10
Let m = 7 + -2. Let j(k) = -k. Let i(w) = -4*w - 2. Let a(t) = -i(t) + 5*j(t). Determine a(m).
-3
Let f = -